uppose 0 = 3*m + 15, 19 = -q*i + 4*m + 59. Calculate the remainder when 49 is divided by i.
9
Let g(n) = 2*n**2 - 3*n - 5. Suppose 3*k - 63 - 21 = 0. Calculate the remainder when k is divided by g(4).
13
Suppose 4*w + 76 = 4*u, 4*u - 3*w = 2*w + 78. Calculate the remainder when u is divided by 5.
2
Suppose -3*p - 15 = -81. What is the remainder when p is divided by 13?
9
Let c = -47 + 69. What is the remainder when c is divided by 12?
10
Let c(z) = -z**2 - 47. Let v be c(0). Let a = v - -81. Calculate the remainder when a is divided by 9.
7
Suppose 64 = 3*r - 5*s, -3*r - 3*s + 34 = -2*s. Suppose -5*h - 5*g + g = 5, -2*g = -h + r. Calculate the remainder when 9 is divided by h.
0
Let x(w) = -3*w + 1. Let h be x(1). Let i be ((-5)/h)/5*0. Suppose 5*d - 70 = -i*d. Calculate the remainder when d is divided by 5.
4
Let k be ((-2)/(-4))/((-1)/(-20)). Let j = k - 3. What is the remainder when 3*1 - 40/(-5) is divided by j?
4
Suppose 0 = 3*g + 2*k + 5, -g - 3 = -0*g + k. Calculate the remainder when 1 is divided by g.
0
Let y(p) = -4*p - 5. Let b = -1 + 4. Suppose -42 = -b*q + 18. What is the remainder when q is divided by y(-4)?
9
Let g = 8 + -6. Let v(a) = a**2 + 4*a + 4. Let t be v(-3). Let p = g - t. Calculate the remainder when p is divided by 1.
0
What is the remainder when 9*11 + (2 - (14 - 8)) is divided by 25?
20
Let q(f) = -6*f - 2. Let d(g) = g**2 - g - 2. Let m be d(0). Let p be q(m). Let r = 19 - p. Calculate the remainder when 26 is divided by r.
8
Suppose 8*t = 37 - 13. What is the remainder when 4 is divided by t?
1
Let q(z) = -z**3 + 7*z**2 + z + 4. Suppose 0*l + 3*l - 9 = 0. Suppose -3*g + 15 = 6*x - 2*x, 5*g + l = -2*x. Calculate the remainder when q(7) is divided by x.
5
Let g = 8 + -15. Let v = -5 - g. Calculate the remainder when 21/4 - (-2)/(-8) is divided by v.
1
Let t = -28 - -47. What is the remainder when 75 is divided by t?
18
Suppose -4*y + 23 + 64 = -r, -51 = -3*y - 4*r. Suppose 0*x = 3*x + 2*l - 30, 4*l = 3*x - 48. Calculate the remainder when y is divided by x.
9
Suppose -f - 4 = 0, 2*v - f = 25 - 1. Suppose -3*y - 3*r - 4 + 16 = 0, 2*y = 2*r + 4. Calculate the remainder when v is divided by y.
1
Let l(m) = m**2 + 5*m + 2. Let d be l(-6). Suppose -3*c + 24 = -x - 2*x, 4*c = -4*x + d. What is the remainder when c is divided by 2?
1
Let b(f) = f**2 - f - 1. Calculate the remainder when b(3) is divided by 3.
2
Suppose 2*v + 85 = 3*f - 0, 0 = -3*v - 15. Suppose -2*c + 28 = 5*g - 20, -2*g = c - 22. What is the remainder when f is divided by c?
11
Let k = -5 - 0. Let m be (k/10)/((-2)/(-196)). Calculate the remainder when 3/(-1) - m - -3 is divided by 17.
15
Suppose 2*m - 3*y - 37 = 0, 0*y - 2*y + 121 = 5*m. Calculate the remainder when 49 is divided by -2 + (m - (3 + 1)).
15
Let x be (-6)/(-21) - 51/7. Let u = -5 - x. Suppose -3*o - 6 = 2*v - 19, -3*o - 4*v = -23. Calculate the remainder when u is divided by o.
0
Let r be 2/6 + (-34)/(-6). Let j = r - 4. Let x = 1 + j. What is the remainder when x is divided by 2?
1
Let x(d) = d**2 - d. Let p(l) = l**3 - 2*l**2 + 1. Let o be p(1). Let c = -3 - o. What is the remainder when 35 is divided by x(c)?
11
Suppose 13 + 17 = 4*m - j, 0 = -4*m - j + 26. Suppose -2*o - 12 = -5*o. What is the remainder when m is divided by o?
3
Suppose -3*w - 2 = -2*w. Let p be (-2)/2*7 - w. Let v = p + 16. Calculate the remainder when v is divided by 4.
3
Let v = -26 - -36. Let s(n) = -n**3 + 13*n**2 + 15*n - 10. Calculate the remainder when v is divided by s(14).
2
Let t(x) = x + 9. Let a(g) = -2*g**3 + 2*g**2 + 2*g + 1. Let q be a(-1). Calculate the remainder when 75/2*2/q is divided by t(0).
7
Let y(i) = i**2 + 2*i. Let v be y(4). Let s = v + -6. Calculate the remainder when 53 is divided by s.
17
Let t(v) = 10*v + 1. Let s(d) = -10*d. Let l(m) = 3*s(m) + 2*t(m). What is the remainder when l(-3) is divided by 17?
15
Suppose -86 = 7*r - 338. What is the remainder when 103 is divided by r?
31
Suppose -10 = -5*c - 3*b, 2*b = -c - c. Suppose -t - 2*t + c*v + 17 = 0, 4*t - 5*v = 21. Calculate the remainder when t is divided by 2.
0
Let s = 49 + -29. What is the remainder when 37 is divided by s?
17
Let g = 10 - 7. Suppose -g*k - 2*k - 17 = -3*c, -4*k = c. Let i = 9 - -1. Calculate the remainder when i is divided by c.
2
Suppose s - 4 = 4. Suppose s*i - 54 = 6*i. What is the remainder when i is divided by 7?
6
Suppose k = 4*p + 196, -3*k - 417 = -5*k + 3*p. Let x = k + -15. Suppose 0 = 5*b + 26 - x. What is the remainder when b is divided by 18?
17
Let q(i) = -i**3 - 7*i**2 - 2*i - 7. Calculate the remainder when 13 is divided by q(-7).
6
Suppose t + 4*c = -24, -18 = 4*t + 3*c + 39. Let k be (-2)/t - 8931/18. Calculate the remainder when k/(-13) + (-8)/52 is divided by 13.
12
Let c = 126 - 15. Calculate the remainder when c is divided by 28.
27
Let j = -3 + 4. Calculate the remainder when 2*(j - 102/(-4)) is divided by 18.
17
Suppose 0 = i + 41. Let o = 76 + i. What is the remainder when o is divided by 12?
11
Let t = 1237 + -1221. Let d be 4/10*10/2. Suppose -34 = -d*o + 92. What is the remainder when o is divided by t?
15
Let d be 2 - (-6 + (-3 - -3)). Let x = -1 - d. Calculate the remainder when x/(-6)*56/3 is divided by 15.
13
Let v(w) = w**2 + 8*w + 28. Calculate the remainder when 82 is divided by v(-7).
19
Suppose 2*v + 78 - 216 = 0. Suppose 126 = 13*s - 108. What is the remainder when v is divided by s?
15
Let k = 232 - 197. What is the remainder when k is divided by 4/(-10) - 184/(-10)?
17
Suppose -120 = -16*q + 88. Let c = -65 + 115. What is the remainder when c is divided by q?
11
Calculate the remainder when (-30)/(-20) - 213/(-6) is divided by 13.
11
Suppose 34 + 19 = -4*j - 3*i, -4*j - 54 = 2*i. Calculate the remainder when (j/(-4))/((-2)/(-20)) is divided by 19.
16
Calculate the remainder when 318/15 + (-1)/5 is divided by 8.
5
Suppose 1 = a - 1. Let r be 3*((-3)/(-9) + 1). Suppose -a*y = -2*t + 26, r*t + 10*y = 5*y + 43. What is the remainder when 35 is divided by t?
11
Let y(u) = 3*u**2 + 3*u + 11. Calculate the remainder when y(-4) is divided by 17.
13
Let g(q) = q + 1. What is the remainder when 55 is divided by g(14)?
10
Suppose f + 9 = 2*f. Let o(h) = h**3 - 3*h**2 - 13*h + 3. Let w be o(5). Calculate the remainder when ((-30)/w)/((-2)/(-12)) is divided by f.
6
Suppose 5*b = -0 + 5. Suppose 0 = 2*x - 8, 5*x + 7 - 21 = 3*d. Calculate the remainder when d is divided by b.
0
Let i be (4/6)/((-6)/(-9)). Let q(r) = -r**3 - 6*r**2 + 5. What is the remainder when 99/12 - i/4 is divided by q(-6)?
3
What is the remainder when 26 is divided by ((-21)/(-14))/((-3)/(-18))?
8
Let p = 14 + -10. Let b(t) = 6*t - 13. What is the remainder when b(3) is divided by p?
1
Let i = 71 + -46. Calculate the remainder when i is divided by 9.
7
Suppose 0*g = -5*g + 70. Suppose 2 = -i, t = 4*i + g - 2. Suppose 2*j + 3*d = -j, 0 = t*j + 3*d - 4. Calculate the remainder when 10 is divided by j.
2
Let n(o) = o**2 - 2. Suppose 15 = 5*k - 5. Calculate the remainder when 10/k*(-6 + 16) is divided by n(-4).
11
Let n(d) = -d**3 - 9*d**2 - 9*d + 4. Suppose 0 = -5*u - 2*r - 40, r = -3*u + 14 - 38. Calculate the remainder when (-2)/((-3)/((-138)/(-4))) is divided by n(u).
11
Let w(h) = h**3 + 8*h**2 - 10*h - 2. Calculate the remainder when 12 is divided by w(-9).
5
Let d be 3/12 - (-79)/4. Suppose 4*l + 3 = r + d, 3*r + 15 = 0. Suppose -b = -l*b + 38. What is the remainder when b is divided by 10?
9
Suppose -4*s = 312 - 796. Calculate the remainder when s is divided by 18.
13
Let x(z) = -z**2 - 12*z + 19. Let j be x(-13). What is the remainder when (-2 + 3)/(j/204) is divided by 9?
7
Let d(z) = z**3 - 2*z + 4. What is the remainder when d(2) is divided by 5?
3
Let s(p) = -2*p - 9. Let w be s(-9). Suppose -4*x + w = -3. What is the remainder when 7 is divided by x?
1
Let d be ((1*68)/(-1))/(-2). Suppose -2*s = -s - d. What is the remainder when s is divided by 18?
16
Calculate the remainder when (-1 - -4)*144/16 is divided by 9.
0
Let p(w) = -w**3 + 2*w**3 + w**2 - w + 3 - 4*w**2. Let y = 81 + -38. What is the remainder when y is divided by p(4)?
13
Let h = 19 + -4. What is the remainder when h is divided by 60/9 - 6/9?
3
What is the remainder when 44 is divided by 2/(-10) + 183/15?
8
Let y(v) be the second derivative 